ple of 194?
False
Does 8 divide 7765752?
True
Is 758377829 a multiple of 114?
False
Is 29 a factor of 40950581?
True
Does 1670 divide 91293890?
True
Is 2214558006 a multiple of 12478?
True
Does 810 divide 44443080?
True
Does 694 divide 70130782?
True
Is 173 a factor of 14888380?
True
Is 590563254 a multiple of 122?
False
Is 281605198 a multiple of 25?
False
Is 113 a factor of 79703672?
False
Is 4 a factor of 49526684?
True
Does 1285 divide 26535096?
False
Is 93 a factor of 25026843?
False
Is 1618 a factor of 838546994?
False
Is 853 a factor of 152093383?
False
Is 5220827244 a multiple of 36?
True
Does 21 divide 34193110?
False
Does 445 divide 454918605?
True
Does 406 divide 142959502?
True
Does 234 divide 45913825?
False
Is 9 a factor of 24488496?
True
Is 137 a factor of 6186861?
False
Is 73480581 a multiple of 2698?
False
Is 504743470 a multiple of 154?
True
Does 38 divide 1499998092?
True
Does 3633 divide 428686882?
False
Is 32 a factor of 50351968?
True
Is 104443247 a multiple of 194?
False
Is 8767485 a multiple of 5?
True
Is 333 a factor of 30868466?
False
Does 57 divide 57697509?
True
Is 49991016 a multiple of 408?
True
Does 84 divide 107370335?
False
Is 590924912 a multiple of 340?
False
Is 868 a factor of 198500150?
False
Is 77 a factor of 2100716156?
True
Is 581 a factor of 667714831?
True
Is 53190283 a multiple of 2446?
False
Is 4315 a factor of 356444569?
False
Does 1144 divide 850777312?
False
Is 505714296 a multiple of 348?
True
Is 56038738 a multiple of 22?
False
Is 37146394 a multiple of 17?
True
Does 1996 divide 245256504?
True
Is 2530247 a multiple of 4?
False
Does 118 divide 3779616138?
False
Is 3 a factor of 8795816?
False
Does 1102 divide 38509453?
False
Is 8 a factor of 64856282?
False
Is 881 a factor of 43344254?
False
Is 4787384 a multiple of 1484?
True
Is 106081424 a multiple of 112?
False
Is 189 a factor of 133964475?
False
Is 766 a factor of 10428682?
False
Is 44 a factor of 116454403?
False
Is 40 a factor of 2753660200?
True
Does 33 divide 82548788?
False
Is 109821740 a multiple of 116?
False
Does 31 divide 23275296?
True
Is 13 a factor of 169977659?
False
Does 8 divide 30558251?
False
Does 434 divide 14181606?
False
Does 99 divide 4582414?
False
Is 15 a factor of 603272190?
True
Does 21 divide 31126963?
False
Is 278 a factor of 704206036?
False
Does 71 divide 5164398?
True
Is 15843650 a multiple of 25?
True
Is 3 a factor of 13316016?
True
Is 7043561 a multiple of 553?
True
Does 12 divide 347298566?
False
Is 908 a factor of 64909294?
False
Does 79 divide 180262516?
True
Is 3063377430 a multiple of 15?
True
Does 60 divide 25773600?
True
Is 624 a factor of 3260738208?
True
Is 476 a factor of 26757137?
False
Does 1869 divide 1085343252?
True
Does 70 divide 347218515?
False
Is 330498768 a multiple of 1292?
True
Is 218047091 a multiple of 33?
False
Does 10 divide 120710120?
True
Is 597279457 a multiple of 94?
False
Is 791 a factor of 15172171?
True
Is 5546 a factor of 1007475268?
True
Is 9107 a factor of 3470380143?
False
Does 1466 divide 3474819836?
False
Is 314622345 a multiple of 119?
False
Is 2 a factor of 866009120?
True
Does 210 divide 126083619?
False
Is 1966007352 a multiple of 31?
True
Is 109 a factor of 923072495?
True
Is 1144388370 a multiple of 246?
False
Does 31 divide 1187061068?
False
Is 2 a factor of 10704057?
False
Does 18 divide 14843376?
True
Is 68739352 a multiple of 44?
True
Is 1358733757 a multiple of 13184?
False
Does 7 divide 45335472?
True
Is 4 a factor of 5939503?
False
Is 29004301 a multiple of 4?
False
Is 170877087 a multiple of 4?
False
Does 284 divide 129035684?
True
Does 37 divide 85075950?
True
Is 139219164 a multiple of 126?
True
Does 4 divide 4279816?
True
Is 817325094 a multiple of 797?
True
Does 67 divide 186717610?
True
Does 58 divide 90013336?
False
Is 17659170 a multiple of 23?
True
Does 397 divide 25713293?
True
Is 28 a factor of 460956333?
False
Is 834132010 a multiple of 733?
True
Does 21 divide 635725444?
False
Is 779347548 a multiple of 15?
False
Is 28382863 a multiple of 3356?
False
Is 744 a factor of 96571200?
True
Is 10831576 a multiple of 4?
True
Is 572 a factor of 258521010?
False
Does 6 divide 10874160?
True
Is 389838227 a multiple of 2286?
False
Does 614 divide 155959831?
False
Is 2118402 a multiple of 39?
True
Is 278276579 a multiple of 831?
False
Is 88250379 a multiple of 161?
True
Does 2560 divide 93278720?
True
Is 352809213 a multiple of 141?
True
Is 3404481 a multiple of 106?
False
Does 34 divide 178551491?
False
Is 9 a factor of 34380807?
False
Is 119108985 a multiple of 3073?
False
Does 40 divide 12255983?
False
Is 7116029 a multiple of 1309?
False
Is 1395 a factor of 64199667?
False
Is 5564 a factor of 2298567693?
False
Does 135 divide 3374319667?
False
Does 31 divide 14782195?
True
Does 381 divide 5770245?
True
Is 13 a factor of 21955323?
True
Does 93 divide 584706505?
False
Is 14378520 a multiple of 30?
True
Is 19 a factor of 901920234?
True
Is 8 a factor of 7905536?
True
Is 179 a factor of 151635408?
False
Is 3 a factor of 4496305?
False
Is 154 a factor of 7849226?
True
Does 148 divide 3973501?
False
Is 697477560 a multiple of 390?
True
Is 1722205906 a multiple of 57?
False
Is 26 a factor of 487337474?
True
Does 291 divide 3508296?
True
Does 2 divide 73851636?
True
Does 7 divide 593791766?
False
Does 31 divide 19383389?
False
Is 647224664 a multiple of 9?
False
Is 99647950 a multiple of 10?
True
Is 825952568 a multiple of 24?
False
Is 611 a factor of 35687288?
True
Is 486 a factor of 109082214?
True
Does 5 divide 36949232?
False
Is 125 a factor of 1571826500?
True
Is 960890711 a multiple of 3611?
True
Does 192 divide 404767849?
False
Does 4724 divide 4997049840?
False
Is 24 a factor of 5702534?
False
Does 195 divide 166309650?
True
Does 139 divide 399274434?
False
Is 64 a factor of 6371936768?
True
Is 2405751 a multiple of 60?
False
Is 471910992 a multiple of 21?
True
Is 70208094 a multiple of 73?
False
Does 7 divide 122562243?
False
Is 2901989 a multiple of 109?
False
Does 21 divide 937054570?
False
Does 11 divide 1514359?
True
Does 1082 divide 131724695?
False
Is 6 a factor of 121129485?
False
Is 555713884 a multiple of 3652?
True
Is 274 a factor of 3764212?
True
Is 5015 a factor of 38958310?
False
Is 16 a factor of 3057694?
False
Is 44752916 a multiple of 4?
True
Is 3309 a factor of 575715920?
False
Is 29759394 a multiple of 34?
False
Does 272 divide 4917633?
False
Does 100 divide 619309200?
True
Does 5 divide 5930794?
False
Is 101 a factor of 59460282?
False
Does 12 divide 275439641?
False
Is 1284 a factor of 94816980?
True
Does 143 divide 129440725?
False
Does 6 divide 141398375?
False
Is 12932766 a multiple of 31?
True
Is 600 a factor of 22515600?
True
Is 170 a factor of 702566990?
True
Is 523063345 a multiple of 5?
True
Does 232 divide 33612160?
True
Is 915 a factor of 412275958?
False
Is 150676338 a multiple of 15?
False
Is 3017266920 a multiple of 30?
True
Does 21 divide 223763032?
False
Is 361 a factor of 512264054?
True
Is 246 a factor of 140104872?
True
Is 392 a factor of 1348374552?
True
Does 1035 divide 40676468?
False
Does 26 divide 424265?
False
Is 2046 a factor of 29786822?
False
Is 165182276 a multiple of 41?
True
Is 34 a factor of 107277344?
True
Is 104 a factor of 13834507?
False
Is 5232168 a multiple of 21?
False
Is 21773630 a multiple of 10?
True
Is 467 a factor of 97201380?
True
Is 749173845 a multiple of 8?
False
Is 170535294 a multiple of 37?
True
Does 167 divide 498853450?
False
Is 22684494 a multiple of 7?
True
Does 115 divide 3497021775?
True
Is 1500110556 a multiple of 2388?
True
Is 68 a factor of 28735730?
False
Is 634243559 a multiple of 83?
False
Is 946026310 a multiple of 1545?
False
Is 78 a factor of 19006598?
False
Is 200 a factor of 4360200?
True
Is 29121926 a multiple of 265?
False
Is 12 a factor of 137158428?
True
Is 963 a factor of 48138629?
False
Does 55 divide 396239305?
True
Does 169 divide 15536677?
True
Is 18521300 a multiple of 62?
False
Is 35 a factor of 17299415?
True
Is 1547 a factor of 118473901?
True
Is 4 a factor of 3172140?
True
Is 90315264 a multiple of 644?
False
Does 28 divide 760938892?
True
Does 26 divide 142575011?
False
Does 92 divide 332175802?
False
Is 19464984 a multiple of 24?
True
Is 83 a facto